8 + 59)).
39
What is -102 + (102 - 57) + 86?
29
12 + (11 - 143) + 18
-102
Calculate -525 - -537 - (-11 - (1 - 6) - -5).
13
3121 + -3115 - (1 - -49)
-44
-72 - (-24 + 17) - (5 - 12)
-58
What is (39 + -44 - -4) + -26?
-27
Calculate 16 + 22 - (-1 - (-18 + 10)).
31
Evaluate -71 + (-36 - -31) + -23 + 12 + 21.
-66
(51 - (25 - (-46 + 33))) + (0 - 4) + 38
47
Evaluate -27 - -35 - (-13 + -10 + 2).
29
What is 57 + (-15 - ((7 - -9) + -17))?
43
Evaluate -55 - (-44 - (-46 - -81)) - (-1 + 0 - 8).
33
Evaluate 1 - 12 - ((-13 - 13 - 20) + 39).
-4
Evaluate -26 + 1 + (-30 - ((-14 - -18 - 10) + -12)).
-37
Evaluate -6 + ((-97 + 15 - -6) + 17 - -5).
-60
What is 7 + -35 + 53 - (12 - (0 - 0))?
13
Evaluate 76 - 1 - (0 + (241 - 201)).
35
What is the value of 5628 + -5524 + (-69 - 3)?
32
(-4 - (-8 - 3)) + (-42 - -17 - (-73 + 7))
48
What is the value of (115 - 186) + 57 + (1 + -3 - -7)?
-9
Calculate -1 + 30 + -9 + -29 + 8.
-1
What is -49 + (115 - 118 - (0 - 3)) - 7?
-56
-51 + (8 + 6 - 32) + -3
-72
What is the value of (-5 + 32 + -5 - 8) + -22 + 50?
42
10 + -57 + -7 + -2 + -1 + (73 - 71)
-55
64 - (-41 + 90) - 24
-9
What is the value of 14 + (-16 - -61) - (1 + -1 + -4 - -5)?
58
What is the value of -50 + 0 - ((68 - 31) + -29 + -15)?
-43
What is -28 + -13 + (0 - -10) + 76 + -69?
-24
What is 675 + -669 + (-1 - 22) + 17?
0
What is (-2 - 127) + 1070 + -1074?
-133
Evaluate -39 + (-89 + 101 - 55).
-82
What is 36 + -51 - (-14 + (0 - -2) + 47 + -44)?
-6
(63 - (11 - (-16 - -28))) + -6 + -10 + 7
55
What is the value of -23 - (24 - (10 - -30)) - (24 - 6)?
-25
Calculate -4 + 27 - (-918 + 882).
59
What is -24 + 10 + (9 - (-2 - -5)) + -14 + 3?
-19
What is -14 + (2 - 13) - -10 - -18 - (58 - 2)?
-53
Evaluate -80 + -18 + 43 + 28.
-27
3 + (8 - -2) + 0 + -6447 + 6335
-99
Calculate -13 + 14 - (-15 + (18 - 7)).
5
Evaluate (68 + -19 - 42) + (-2 - 39).
-34
What is (-76 - -134) + -77 - (-80 + 1)?
60
What is (-36 - (-20 + -76)) + -46?
14
What is -18 - (26 + (16 - 7) + -66)?
13
Calculate -9 - (15 + 83) - (-10 + 11 + 5 + 2).
-115
What is -49 - (-4 - 4) - (-59 + 56)?
-38
Evaluate -77 - (-47 + 14 + -11).
-33
What is -8 - (-48 - (1 + 30 + 6))?
77
25 - (58 + (-19 - -15))
-29
What is the value of 3 + (-25 + 16 - 0) + 17 + -5 + 58?
64
1 + 24 - (-231 + 249)
7
What is the value of -12 - (47 + -12) - 3?
-50
((67 - 63) + (-6 + 6 - -47) - 12) + 9
48
What is (-98 - -78 - (7 - 4)) + -14?
-37
Evaluate (654 - 279) + -324 - (-24 + 1).
74
What is 21 + 8 + -5 - 19 - -52?
57
What is the value of -1 - ((10 - 1) + -17 + -6) - -57?
70
What is -268 + 309 + (8 - (-19 + 1))?
67
-2 - 24 - -19 - (1 + -1) - 11
-18
Evaluate 26 + (-24 - (-16 + -29)).
47
-18 - (-54 - -27 - 73) - -31
113
67 + (33 - (113 + 65))
-78
What is 49 - 20 - 61 - (-53 - 3)?
24
-6 + (0 + 19 - 10) + -26
-23
Calculate 8 + -58 + -8 + 31 + (3 - -1).
-23
What is -3 - (-3 - 99) - (-33 + 54 + -43 + 17)?
104
Calculate -18 + 19 - -11 - 19.
-7
Calculate 5 + (-27 - (-9 - 5)) + 13 - 8.
-3
Calculate (20 - -3 - 64 - (-14 - 6)) + -1 + 3.
-19
What is -10 + 5 + 52 - -8?
55
-64 + 196 + -31 - 62
39
Evaluate -55 + 95 - 89 - -18.
-31
What is -21 + 45 - -11 - (80 + -6)?
-39
What is -88 - (-12 - 3 - -8) - (-1 - (-6 - -2))?
-84
Evaluate -36 + (-17 + -21 - -66) + -47.
-55
2 + (-15 - 0) + -3 - (95 + -108) - -10
7
Calculate 20 + 1 + 3 + -1 + (-8 - -8) + -1.
22
16 + (-134 - -8) + 19 - -23 - -18
-50
-2 + (-21 - -19 - 11 - (-12 + 0))
-3
Calculate -77 - -135 - 84 - -3.
-23
What is (-449 - -416) + -9 + -1 + 4 + 0?
-39
What is the value of 120 + -153 - (52 + -7)?
-78
What is 884 - 743 - (8 + -1)?
134
Calculate (24 - 8 - 20 - (-2 + -9)) + 10 + 8.
25
What is the value of 3 + 13 + (-1 + 6 - 2)?
19
What is -4 - (36 + -3) - (2763 + -2835)?
35
Evaluate -1 + (3 - -24) - (-7913 - -7870).
69
What is the value of (-232 - -322) + 13 + -52?
51
-4 + (-5 - -13) + (1 - 15) - 59 - -4
-65
Calculate 5 + 1 + (-9 - -12) + -4 + 3 + 5.
13
What is 14 - (-16 - (-2 + (15 + -12 - 3)))?
28
What is the value of (-24 - 58 - -90) + (6 + -2 + -3 - 2)?
7
-31 + 4 - ((-37 - -29) + -1)
-18
What is the value of -63 - (-19 + (10 - (-1 + 16))) - -10?
-29
Calculate -77 - (41 + (-24 - 46)).
-48
Calculate 28 + 5 - (9 + 47 - -48).
-71
Calculate 1895 + -1951 - (-1 - (0 - -8)).
-47
Evaluate (-46 - (22 + 9 + -6)) + -4.
-75
Evaluate 15 + (-8 - -5) + 7 + -58.
-39
What is the value of (88 - 39) + 4 + (-18 - -13 - (3 + -2))?
47
Evaluate -47 - (-1 - 22 - (-463 - -441)).
-46
Evaluate 0 + (-1 + -32 + 4 + -2 - (-1383 + 1391)).
-39
Evaluate (1 - -40) + (-95 + 160 - 36).
70
What is the value of -1388 + 1401 - ((1 - (2 - 0)) + -22)?
36
What is the value of (33 - (54 - 7)) + (-1 - -3) + 3 - -106?
97
What is -41 + 14 - (0 + 4 - (4 - 12))?
-39
What is (-280 - -270) + (-2 - -29)?
17
18 + (-3 - 0 - (-5 + 15 - -136))
-131
Calculate 2378 - 2245 - (126 - -1).
6
Evaluate (67 - 63) + (-48 - (-37 + 25)).
-32
Evaluate -5380 - -5383 - (0 + 1 + -49 + (1 - 1)).
51
Evaluate (-59 - (-8 - 77)) + 11 + -18.
19
Evaluate 21 + (-33 - (7 + -5)) - 22.
-36
What is the value of 174 + -153 + 9 + (-56 - -5)?
-21
What is -100 - (0 + -100 + -111)?
111
Evaluate -13 - (15 - (-17 + 6) - 74).
35
(-2 + -1 - 8 - -5) + 8 + (15 - -7)
24
45 - 20 - 15 - (20 + -16)
6
Calculate 1 + -1 + 4 - (-122 - (-21 - 116)).
-11
What is the value of -23 + -12 + 17 + (6 - -99)?
87
What is the value of 138 - ((-1 - 18) + -1540 + 1584)?
113
Calculate (9 - (-65 - 7)) + 22 + -10.
93
What is the value of (-1 - ((-18 - -3) + -3)) + -12119 + 12099?
-3
What is -6 + -41 + (33 - (4 - -2))?
-20
Calculate 10 + (7 + -2 - 4) + -8 - -3 - -65.
71
What is the value of 71 - (7 - (-1 + 2)) - (-28 + 42)?
51
(-28 - 59) + -26 - -127
14
What is -162 + 17 - (7 - (23 - -14))?
-115
What is the value of -203 - (-20 + -155 + 55)?
-83
What is the value of 1 - -6 - (5502 - 5456)?
-39
What is -23 + 67 + -19 + 1 - 156?
-130
What is the value of (9 - -59) + -16 + (14 - 3) + (-2 - 3)?
58
-59 + (-19 - (-10 - 12))
-56
1118 - 1101 - (3 + 71 - 3)
-54
What is (99 - -34) + (10 - 247)?
-104
Evaluate 68 + (-19 - 23) + -48 + 94 + 1.
73
What is -174 - (-291 - -16) - (-1 - 3)?
105
What is -48 + (13 + 34 - -41)?
40
Calculate -15 + 24 - (9 - 4 - -1 - 6 - 9).
18
What is the value of (12 - -1) + (80 + -49 - (-23 + -26))?
93
What is the value of 5 + 0 + ((-31 - -5) + 16 - 9)?
-14
Evaluate 86 - (65 + (139 - 143)).
25
What is the value of 0 + 0 + -13 + (188 - 163) - 28?
-16
-2 + 32 - (-16 + (12 - 6) + 0)
40
-12 + 12 - (-3 + 0) - (55 + (0 - 3))
-49
What is the value of 75 + (6 - (-45 + 31)) + -40?
55
34 - (63 + -31 + -30 - 4)
36
Calculate -15 - 0 - (5793 - 5744).
-64
Calculate -30 + -47 + 96 - (-9 + 61).
-33
Evaluate 110 - 10 - 7 - (8 + -15 - -24).
76
What is the value of -1 + (49 - 44) - (153 + -51)?
-98
What is the value of 46 + -89 + (1 - -40)?
-2
What is ((-48 - -53) + 0 + -20 - -57) + -4?
38
Calculate -57 + (4 - (5 - 7 - 1) - -3).
-47
(-22 - (-1 - 51)) + -77
-47
Calculate -107 + (-72 - -103) - -147.
71
What is the value of (-4 - (-3 - (1 - 42))) + -17 + 11?
-48
What is (19 - 10) + (-8 + 5 - 11) + 14?
9
Evaluate (26 - -8 - 46 - -28) + (-1 - 55).
-40
Evaluate 61 + ((15 - 1) + 14 - 19).
70
(-18 - 6) + -98 + 94 + 64
36
(-5 + (-2 - 7) + 28 - 19) + 39
34
7 + (20 - 7) + -11 + 90 + 5
104
What is 88 - (116 + -27) - (1 - (44 + -2))?
40
What is the value of 4 - (3 + (6 - (6 + 10)) + 4)?
7
What is -46 - -8 - -26 - -5 - (-100 - -1)?
92
What is (61 - -16) + (-1 + 4 - -5) + -6?
79
106 - -35 - (-247 - -268)
120
Calculate 68 + (-4 - 131) - 41.
-108
-3 + -4 + 3 - (67 + 33 + (0 - 26))
-78
What is -9 + -24 + 73 + -27 + 0 + 2?
15
What is -5 + 17 + 7 - (251 + -216)?
-16
What is -10 - (-113 + (21 - 9) + -2 + 9 + 0)?
84
Calculate -10 + (-55 - -24) + (7 - 2).
-36
Calculate (-2 - 42 - -2) + (-126 - -87 - -43).
-38
What is -6064 + 5948 + -1 + 43?
-74
Calculate -1 - 3 - (-13 + -13 + 4).
18
Calculate (15 + 4 + -56 - -4 - -15) + -60.
-78
Calculate 1814 + -1791 + (-2 - -10).
31
What is the value of 60 - (-9 + 23 + 17 + -19 - 22)?
70
18 + -46 + 12 + 16 - (80 - 0)
-80
Calculate -2 - -1 - 17 - (11 + -49 + -47).
67
What is (-8 - -7) + (606 - 490)?
115
What is 13 - (-546 + 509 + (0 - 2 - -2))?
50
Calculate -49 - (-1 + ((-99 - -90) + 0 + 19 - 6)).
-52
-74 + 80 + (-1 - (3 + -5)) + -5 + 7
9
(-3 - -3) + (-4 + -4 - (27 + -38)) + 4
7
14 + -6 - (-8 + 79)
-63
What is the value of 2 + (57 